by 135?
134
Calculate the remainder when 1578 is divided by 17.
14
What is the remainder when 706 is divided by 65?
56
What is the remainder when 497 is divided by 110?
57
What is the remainder when 191 is divided by 13?
9
What is the remainder when 140 is divided by 49?
42
What is the remainder when 213 is divided by 202?
11
What is the remainder when 882 is divided by 17?
15
What is the remainder when 66 is divided by 28?
10
What is the remainder when 692 is divided by 77?
76
Calculate the remainder when 1713 is divided by 56.
33
What is the remainder when 7973 is divided by 28?
21
Calculate the remainder when 119 is divided by 61.
58
What is the remainder when 40 is divided by 40?
0
Calculate the remainder when 376 is divided by 76.
72
What is the remainder when 195 is divided by 9?
6
Calculate the remainder when 367 is divided by 113.
28
Calculate the remainder when 301 is divided by 73.
9
Calculate the remainder when 120 is divided by 26.
16
Calculate the remainder when 1417 is divided by 4.
1
Calculate the remainder when 104 is divided by 3.
2
What is the remainder when 41913 is divided by 83?
81
Calculate the remainder when 553 is divided by 13.
7
What is the remainder when 887 is divided by 89?
86
What is the remainder when 214 is divided by 54?
52
Calculate the remainder when 212 is divided by 74.
64
What is the remainder when 100 is divided by 6?
4
Calculate the remainder when 313 is divided by 45.
43
What is the remainder when 736 is divided by 6?
4
What is the remainder when 1538 is divided by 153?
8
Calculate the remainder when 140 is divided by 40.
20
Calculate the remainder when 51 is divided by 29.
22
Calculate the remainder when 44 is divided by 37.
7
What is the remainder when 792 is divided by 61?
60
Calculate the remainder when 510 is divided by 472.
38
What is the remainder when 1499 is divided by 12?
11
Calculate the remainder when 1362 is divided by 80.
2
What is the remainder when 134 is divided by 21?
8
Calculate the remainder when 73 is divided by 40.
33
Calculate the remainder when 376 is divided by 13.
12
What is the remainder when 1187 is divided by 354?
125
Calculate the remainder when 242 is divided by 41.
37
Calculate the remainder when 224 is divided by 83.
58
What is the remainder when 1352 is divided by 14?
8
Calculate the remainder when 579 is divided by 120.
99
What is the remainder when 387 is divided by 94?
11
What is the remainder when 167 is divided by 132?
35
Calculate the remainder when 108 is divided by 33.
9
Calculate the remainder when 1361 is divided by 339.
5
Calculate the remainder when 148 is divided by 29.
3
What is the remainder when 232 is divided by 74?
10
Calculate the remainder when 63 is divided by 23.
17
What is the remainder when 161 is divided by 56?
49
Calculate the remainder when 1472 is divided by 257.
187
What is the remainder when 4024 is divided by 17?
12
Calculate the remainder when 37 is divided by 10.
7
What is the remainder when 79 is divided by 50?
29
Calculate the remainder when 551 is divided by 6.
5
What is the remainder when 7449 is divided by 33?
24
Calculate the remainder when 2639 is divided by 22.
21
What is the remainder when 120 is divided by 36?
12
Calculate the remainder when 130 is divided by 45.
40
What is the remainder when 38269 is divided by 32?
29
Calculate the remainder when 195 is divided by 75.
45
Calculate the remainder when 216 is divided by 17.
12
Calculate the remainder when 1367 is divided by 76.
75
Calculate the remainder when 660 is divided by 87.
51
What is the remainder when 349 is divided by 78?
37
What is the remainder when 303 is divided by 295?
8
What is the remainder when 15735 is divided by 122?
119
What is the remainder when 106 is divided by 36?
34
What is the remainder when 9423 is divided by 13?
11
Calculate the remainder when 32 is divided by 7.
4
Calculate the remainder when 72 is divided by 23.
3
What is the remainder when 117 is divided by 18?
9
What is the remainder when 6999 is divided by 50?
49
Calculate the remainder when 2515 is divided by 56.
51
What is the remainder when 162 is divided by 160?
2
Calculate the remainder when 105 is divided by 18.
15
What is the remainder when 3015 is divided by 3002?
13
What is the remainder when 1272 is divided by 25?
22
Calculate the remainder when 365 is divided by 6.
5
What is the remainder when 437 is divided by 44?
41
What is the remainder when 5882 is divided by 2937?
8
What is the remainder when 408 is divided by 89?
52
Calculate the remainder when 405 is divided by 143.
119
What is the remainder when 20 is divided by 7?
6
What is the remainder when 11815 is divided by 211?
210
Calculate the remainder when 379 is divided by 93.
7
Calculate the remainder when 304 is divided by 103.
98
What is the remainder when 2318 is divided by 9?
5
Calculate the remainder when 45 is divided by 17.
11
Calculate the remainder when 606 is divided by 65.
21
Calculate the remainder when 330 is divided by 13.
5
What is the remainder when 477 is divided by 13?
9
Calculate the remainder when 181 is divided by 38.
29
What is the remainder when 121 is divided by 31?
28
Calculate the remainder when 369 is divided by 62.
59
Calculate the remainder when 225 is divided by 39.
30
Calculate the remainder when 539 is divided by 16.
11
Calculate the remainder when 311 is divided by 63.
59
What is the remainder when 39 is divided by 7?
4
Calculate the remainder when 1797 is divided by 29.
28
What is the remainder when 232 is divided by 18?
16
Calculate the remainder when 902 is divided by 139.
68
What is the remainder when 428 is divided by 72?
68
What is the remainder when 4008 is divided by 19?
18
What is the remainder when 747 is divided by 335?
77
Calculate the remainder when 629 is divided by 21.
20
What is the remainder when 115 is divided by 40?
35
What is the remainder when 1400 is divided by 133?
70
Calculate the remainder when 517 is divided by 25.
17
Calculate the remainder when 335 is divided by 27.
11
Calculate the remainder when 277 is divided by 45.
7
What is the remainder when 1393 is divided by 82?
81
Calculate the remainder when 1310 is divided by 19.
18
Calculate the remainder when 42 is divided by 18.
6
Calculate the remainder when 3883 is divided by 195.
178
Calculate the remainder when 17138 is divided by 217.
212
What is the remainder when 33 is divided by 24?
9
What is the remainder when 217 is divided by 68?
13
Calculate the remainder when 712 is divided by 120.
112
Calculate the remainder when 492 is divided by 29.
28
Calculate the remainder when 262 is divided by 66.
64
What is the remainder when 130 is divided by 84?
46
What is the remainder when 65 is divided by 40?
25
Calculate the remainder when 5525 is divided by 154.
135
Calculate the remainder when 34958 is divided by 76.
74
What is the remainder when 1402 is divided by 353?
343
What is the remainder when 1549 is divided by 74?
69
What is the remainder when 38 is divided by 5?
3
What is the remainder when 28 is divided by 15?
13
What is the remainder when 78 is divided by 8?
6
What is the remainder when 1886 is divided by 627?
5
Calculate the remainder when 3485 is divided by 3475.
10
What is the remainder when 167 is divided by 41?
3
What is the remainder when 23 is divided by 13?
10
What is the remainder when 1044 is divided by 9?
0
What is the remainder when 85 is divided by 22?
19
Calculate the remainder when 1145 is divided by 19.
5
What is the remainder when 764 is divided by 123?
26
Calculate the remainder when 1167 is divided by 118.
105
Calculate the remainder when 892 is divided by 9.
1
What is the remainder when 2607 is divided by 187?
176
Calculate the remainder when 201 is divided by 10.
1
Calculate the remainder when 67 is divided by 8.
3
What is the remainder when 747 is divided by 239?
30
Calculate the remainder when 114 is divided by 85.
29
Calculate the remainder when 5613 is divided by 20.
13
What is the remainder when 5061 is divided by 17?
12
Calculate the remainder when 487 is divided by 20.
7
Calculate the remainder when 123 is divided by 42.
39
Calculate the remainder when 229 is divided by 41.
24
Calculate the remainder when 1807 is divided by 1730.
77
Calculate the remainder when 203 is divided by 89.
2